is the units digit of ((-3)/5)/((-11)/l)?
5
Let d = -1 + -4. Let m be 1/(-2*d/20). Let j = m + 16. What is the units digit of j?
8
Let b be 0 - (9/(-1) - 0). Suppose -34 = -3*r + 5*v, -3*r = -3*v + b - 33. Suppose r*x = 2*x + 2. What is the units digit of x?
2
Let u = -327 + 551. Let j = -101 + u. What is the tens digit of j?
2
Let u(m) be the first derivative of -m**2 - 2*m + 10. Suppose -4*g - 7 = b - 2*g, -3*g = -b - 2. What is the units digit of u(b)?
8
Suppose 46*v + 2728 = 47*v. What is the thousands digit of v?
2
Let b = -1 - -3. Suppose 2*r = 6*r + 3*c - 18, -c = b*r - 8. Suppose -r = -p - 2*j, 4*p - 14 = 2*p - 2*j. What is the tens digit of p?
1
Suppose -y = -i + 6*i - 35, -3*y = i - 49. Let l(v) = v**2 + 9*v - 30. Let m be l(y). What is the tens digit of (-18)/(-12)*m/9?
5
Let l(u) = -u**2 + 21*u - 36. Let j be l(17). Suppose -y = 5*m - 189, 4*m + 139 + j = y. What is the units digit of y?
9
Let b(t) = -96*t - 170. What is the hundreds digit of b(-5)?
3
Suppose -55 = -3*p - 2*p. Let h = 61 - p. Let b = h + -8. What is the tens digit of b?
4
Suppose 40 = -36*f + 41*f. What is the units digit of f*(35/20 - 1)?
6
Let b(l) be the third derivative of -l**5/60 + 13*l**4/12 - 13*l**3/2 - 45*l**2. What is the tens digit of b(22)?
4
Suppose -2*a = 16*b - 18*b - 3368, 2*a = -4*b + 3398. What is the hundreds digit of a?
6
Let d be 158/(-14) - 4/(-14). Let n = d + 14. Let f(y) = 23*y + 2. What is the units digit of f(n)?
1
Suppose -2*a = 5*a - 5733. What is the units digit of a?
9
Suppose 3*p = 2*a + 8, p - 7 - 9 = 4*a. Let q(c) = -c + 6. What is the units digit of q(a)?
0
Suppose -m - 192 = 3*m. What is the units digit of (-3176)/m + 2/(-12)?
6
Let g(j) = -j**3 - 3*j**2 + j. Let y be g(-3). Let c(z) = -4*z - 5. Let n be c(-4). What is the units digit of n + y + 3/3?
9
Let g = 267 + -159. Suppose 0*r = 12*r - g. What is the units digit of r?
9
Suppose 9*w = -0 + 27. Let j(g) = g + 7. Let u be j(-3). Suppose -w*s - u*i = -55, -5*s - 2*i = i - 77. What is the units digit of s?
3
Let i(z) = z - 12. Let k be i(6). What is the hundreds digit of k*(-11)/9*24?
1
Let i = 170 - 162. Suppose 3*o - 3*x - 396 = 0, 3*x - i*x - 128 = -o. What is the hundreds digit of o?
1
Let j(b) = b + 21. Let l be (-4)/(3/(-3)) + -32. Let r = l - -43. What is the units digit of j(r)?
6
Let g(u) = u**2 - 7*u - 13. Let l be g(9). Suppose -4*p = -p + l*b + 36, 0 = -2*b - 6. Let t = 44 + p. What is the tens digit of t?
3
Suppose -l + 222 = 2*w + 56, -5*l + w = -830. What is the tens digit of l?
6
Let u = -61 + 76. Suppose -15 = -16*q + u*q. What is the units digit of q?
5
Let c = -227 - -657. Suppose 8*t - 5*h = 3*t + c, 0 = t + h - 90. What is the tens digit of (1/4)/(2/t)?
1
Suppose 7*k + 511 = 7413. What is the hundreds digit of k?
9
Suppose 3*d - 1280 = -o, o - 104 = 2*d - 954. What is the hundreds digit of d?
4
Let j(x) = x**2 - x + 4. Let y = -5 - -12. Let k be j(y). Suppose 3*n - 20 = k. What is the tens digit of n?
2
Let s = 99 - 49. Let o = s + -33. What is the units digit of o?
7
Let h = 674 + -362. What is the hundreds digit of h?
3
Let x be 4 + 6*1064/12. Suppose 7*q - 5*q = x. What is the hundreds digit of q?
2
Suppose 5*h - 15 = -0*h. Suppose h*k - 220 = -2*k. Let n = k + -22. What is the units digit of n?
2
Let w = 11420 - 7706. What is the tens digit of w?
1
Suppose u = -4*a - 66, 4*u = 2*u - 5*a - 126. Let t = u - -143. What is the units digit of t?
5
Let h be (-1658)/(-7) + (-2)/(-14). Suppose 0 = -2*f + 47 + h. What is the tens digit of f?
4
Let d(q) = 739*q**2 + 4*q - 2. What is the units digit of d(-1)?
3
Suppose -5*l - 325 = -0*l. Let r = 221 - 106. Let t = l + r. What is the units digit of t?
0
Let d be 1/1 - (-3 + 6). Let v = -4 + d. What is the units digit of 2/v + 38/6?
6
Suppose -81 = -s - 78. Suppose 9*j + 813 = 12*j - 3*y, -2*j = -s*y - 540. What is the units digit of j?
3
Suppose o + 1 = -0*o + 3*r, -3*o + 4*r = -17. Let y = -7 + o. Suppose -y*i + 18 = -2. What is the units digit of i?
5
Let i be 10 + 0 + (0 - 2). Let x be i/(-6)*(-1305)/30. Suppose -5*g + x + 42 = 0. What is the tens digit of g?
2
Let f = 2845 + -1748. What is the tens digit of f?
9
Suppose 0 = -0*d - d + 2. Suppose -d*r = 2*r - 12. Suppose -2*g = r*g - 45. What is the units digit of g?
9
Let k be ((-32)/12 + 4)/(6/9). Suppose -k*a + b + 19 = 0, 0*b + 27 = 3*a - b. What is the units digit of a?
8
Suppose 38*c = 36*c + 4*g + 4926, -7395 = -3*c + 4*g. What is the tens digit of c?
6
Let d = -41 + 59. Suppose -x + 2*x = 8. Suppose -d = -2*p - x. What is the units digit of p?
5
Suppose -2*g + 2 = 0, 0*g + 5*g - 95 = -o. Suppose -o = -v + 74. What is the hundreds digit of v?
1
Let a = 8 + -5. Suppose -3*m + a + 12 = 0. Suppose -m*g + 47 = -38. What is the tens digit of g?
1
Let l = -1 + 3. Suppose -4*b + 8 = 4*z, -2*b - 4*z = -3*b - 3. What is the units digit of 33/6*b*l?
1
Suppose -19*w + 17335 + 3869 = 0. What is the thousands digit of w?
1
Let u = 2 + 149. What is the tens digit of u?
5
Let k(r) = 32*r - 2. What is the tens digit of k(4)?
2
Suppose -3*r + 2*u + 969 = 0, u = 2*r - 920 + 274. Let m = -182 + r. What is the units digit of m?
1
Suppose -z - 9*x - 9 = -4*x, 0 = -2*z - 5*x - 8. What is the tens digit of z + (-21)/9 + (-1480)/(-12)?
2
Let u be ((-92)/(-2))/((-3)/(-18)). Suppose 2 = -2*z, 4*z + u = 5*o - o. What is the tens digit of o?
6
Let v(f) = -180*f - 271. What is the tens digit of v(-6)?
0
Let d(w) = 42*w + 5. Suppose -2*i + 0*h = -h - 3, i + 2*h - 14 = 0. What is the tens digit of d(i)?
7
Let i(k) = 560*k - 48. What is the hundreds digit of i(6)?
3
Let h(l) = -6*l + 2. Let p be h(9). Let u = p + 91. What is the tens digit of u?
3
Let s(t) = 4154*t**2 - 26*t - 27. What is the tens digit of s(-1)?
5
Let p = -12 - -26. Suppose 2*a = -s + p, 3*s + 0*a = 2*a + 18. What is the tens digit of (0 + (-20)/s)*-6?
1
Suppose 0 = -4*i + 6*i - 2*w - 1264, 4*i + 2*w - 2540 = 0. What is the hundreds digit of i?
6
Let x = -14 - -11. Let a = x - -8. Suppose 3*i = d - a*d + 53, 2*d - 61 = -3*i. What is the units digit of i?
3
Suppose 3*g + 2*h = 10, 2 = 2*g - 3*h + 4. Suppose 0 = g*w - 4*w - 2, w + 1005 = 4*n. What is the tens digit of n?
5
Let h(l) = -l**3 - 7*l**2 + 8*l - 6. Let k be h(-8). What is the units digit of 184/12 - 4/k?
6
What is the tens digit of 18/(-4)*16768/(-96)?
8
Suppose -10 = z - 3*d - 0, 16 = 4*d. Suppose 2*h = -3*h + 580. Suppose 0 = 2*x + z*x - h. What is the units digit of x?
9
Let w(y) be the first derivative of -3*y**2 - y + 3. Let h be w(-4). What is the tens digit of 1*0/(-2) + h?
2
Suppose 4*g = -5*w + 64, g = 3 - 2. Suppose 3*b = b - w. What is the units digit of ((-124)/(-12))/((-2)/b)?
1
Let a = -544 - -766. What is the hundreds digit of a?
2
Let c = 41 + -29. Suppose 17*z - 13*z - c = 0. What is the units digit of z?
3
Let m be (0 + (-8)/(-10))*35. Let r = -26 + m. What is the units digit of r?
2
Suppose 2*a + 1834 = i, 3*i + 8*a = 10*a + 5518. What is the tens digit of i?
4
Let v = 260 + 44. What is the tens digit of v?
0
Let d(w) = 0*w**2 - 3*w - w**2 + 5 - 4*w. Let y = 153 - 158. What is the tens digit of d(y)?
1
Suppose 5*z + 22 = 4*y, -8 = 3*y + y. Let c(w) = w**3 - 1. Let i(k) = -2*k**3 + 7*k**2 + 6*k - 2. Let q(m) = -3*c(m) - i(m). What is the units digit of q(z)?
5
Suppose h = -3*h - 16, k - 22 = -h. Suppose -4*v = 5*t - k, -5*v - 4*t = -2*v - 20. What is the tens digit of v/5*4*5?
1
Let q = 3716 - 2040. What is the hundreds digit of q?
6
Suppose 26 = f - 6. Let u = 66 - f. Let d = u - 7. What is the tens digit of d?
2
Suppose -2*r = l - 2, -4*r + 4*l = -2*r + 8. Suppose 2*x - 2*j - 168 = r, -5*j = -4 - 11. What is the tens digit of x?
8
Suppose -j + 30*d - 28*d = -3612, 4*j = d + 14413. What is the tens digit of j?
0
Suppose 39 = -4*v - 5. Let q = 13 + v. What is the units digit of (q - -3)*1 - 1?
4
Let w(y) = 6*y**2 - 21*y + 45. Let v(g) = 2*g**2 - 7*g + 15. Let r(u) = 8*v(u) - 3*w(u). Let l be r(5). What is the units digit of (-1420)/l + 1/(-3)?
7
Suppose 0 = -3*l - 9, -n + 2*l - 7*l + 2433 = 0. What is the tens digit of n?
4
Let r = -4 - -7. Let l be -15 + 19 + r*17. What is the units digit of (-4 - (-28)/4) + l?
8
Let x(w) = -9*w - 6. Let i be x(2). What is the units digit of (-83)/(-2)*i/(-12)?
3
What is the units digit of 3946/21 - 38